{"id":103,"date":"2014-02-22T12:16:44","date_gmt":"2014-02-22T10:16:44","guid":{"rendered":"http:\/\/fabijennas-seeleninsel.de\/wordpress2\/?page_id=103"},"modified":"2015-06-16T23:20:27","modified_gmt":"2015-06-16T21:20:27","slug":"shiatsu-fuer-kinder","status":"publish","type":"page","link":"https:\/\/fabijennas-seeleninsel.de\/wordpress\/shiatsu-fuer-kinder\/","title":{"rendered":"Shiatsu f\u00fcr Kinder"},"content":{"rendered":"<p>&nbsp;<\/p>\n<div><a href=\"http:\/\/fabijennas-seeleninsel.de\/wordpress\/wp-content\/uploads\/2014\/02\/DSCN0041.jpg\"><img loading=\"lazy\" class=\"alignright size-medium wp-image-274\" src=\"http:\/\/fabijennas-seeleninsel.de\/wordpress\/wp-content\/uploads\/2014\/02\/DSCN0041-300x225.jpg\" alt=\"DSCN0041\" width=\"300\" height=\"225\" \/><\/a>Der steigende Leistungsdruck und eine Zeit mit vielen Ver\u00e4nderungen sind nicht nur Herausforderungen f\u00fcr uns Erwachsene. Auch heranwachsende Menschen m\u00fcssen oft schon gro\u00dfe Anforderungen bew\u00e4ltigen und leiden dem zufolge unter verschiedenen Symptomen wie Schulstre\u00df, Konzentrations-und Entwicklungsprobleme, Aufmerksamkeits- und Ber\u00fchrungsdefizite, Pubert\u00e4t und sozialem Druck. Gerade unruhige Kinder sprechen auf Shiatsu besonders gut an. Durch die Shiatsu-Behandlung k\u00f6nnen die Kinder wieder Kraft sch\u00f6pfen und die innere Bindung zu sich selbst finden. Shiatsu spricht alle Basissinne des Kindes an. Der sanfte Druck in der Behandlung wirkt besonderes auf die tiefenwahrnehmung. Kindern braucht man nicht zu erkl\u00e4ren, was Energie ist. Sie haben ein nat\u00fcrliches Wissen von dieser inneren Kraft. Sie genie\u00dfen es, es ist f\u00fcr sie Entspannung, Wohlf\u00fchlen. Sie sp\u00fcren, dass es ihnen gut tut.<\/div>\n<p>&nbsp;<\/p>\n<p><a href=\"http:\/\/fabijennas-seeleninsel.de\/wordpress\/wp-content\/uploads\/2014\/02\/DSCN0029.jpg\"><img loading=\"lazy\" class=\"alignleft size-medium wp-image-275\" src=\"http:\/\/fabijennas-seeleninsel.de\/wordpress\/wp-content\/uploads\/2014\/02\/DSCN0029-300x225.jpg\" alt=\"DSCN0029\" width=\"300\" height=\"225\" \/><\/a><a href=\"http:\/\/fabijennas-seeleninsel.de\/wordpress\/wp-content\/uploads\/2014\/02\/DSCN00371.jpg\"><img loading=\"lazy\" class=\"alignright size-medium wp-image-276\" src=\"http:\/\/fabijennas-seeleninsel.de\/wordpress\/wp-content\/uploads\/2014\/02\/DSCN00371-300x225.jpg\" alt=\"DSCN0037\" width=\"300\" height=\"225\" \/><\/a><\/p>\n<p>&nbsp;<\/p>\n<p>&nbsp;<\/p>\n","protected":false},"excerpt":{"rendered":"<p>&nbsp; Der steigende Leistungsdruck und eine Zeit mit vielen Ver\u00e4nderungen sind nicht nur Herausforderungen f\u00fcr uns Erwachsene. Auch heranwachsende Menschen m\u00fcssen oft schon gro\u00dfe Anforderungen bew\u00e4ltigen und leiden dem zufolge unter verschiedenen Symptomen wie Schulstre\u00df, Konzentrations-und Entwicklungsprobleme, Aufmerksamkeits- und Ber\u00fchrungsdefizite, Pubert\u00e4t und sozialem Druck. Gerade unruhige Kinder sprechen auf Shiatsu besonders gut an. Durch die [&hellip;]<\/p>\n","protected":false},"author":3,"featured_media":278,"parent":0,"menu_order":0,"comment_status":"closed","ping_status":"open","template":"","meta":{"_et_pb_use_builder":"","_et_pb_old_content":"","_et_gb_content_width":""},"_links":{"self":[{"href":"https:\/\/fabijennas-seeleninsel.de\/wordpress\/wp-json\/wp\/v2\/pages\/103"}],"collection":[{"href":"https:\/\/fabijennas-seeleninsel.de\/wordpress\/wp-json\/wp\/v2\/pages"}],"about":[{"href":"https:\/\/fabijennas-seeleninsel.de\/wordpress\/wp-json\/wp\/v2\/types\/page"}],"author":[{"embeddable":true,"href":"https:\/\/fabijennas-seeleninsel.de\/wordpress\/wp-json\/wp\/v2\/users\/3"}],"replies":[{"embeddable":true,"href":"https:\/\/fabijennas-seeleninsel.de\/wordpress\/wp-json\/wp\/v2\/comments?post=103"}],"version-history":[{"count":3,"href":"https:\/\/fabijennas-seeleninsel.de\/wordpress\/wp-json\/wp\/v2\/pages\/103\/revisions"}],"predecessor-version":[{"id":1474,"href":"https:\/\/fabijennas-seeleninsel.de\/wordpress\/wp-json\/wp\/v2\/pages\/103\/revisions\/1474"}],"wp:featuredmedia":[{"embeddable":true,"href":"https:\/\/fabijennas-seeleninsel.de\/wordpress\/wp-json\/wp\/v2\/media\/278"}],"wp:attachment":[{"href":"https:\/\/fabijennas-seeleninsel.de\/wordpress\/wp-json\/wp\/v2\/media?parent=103"}],"curies":[{"name":"wp","href":"https:\/\/api.w.org\/{rel}","templated":true}]}}

Shiatsu für Kinder

<p>&nbsp;</p>
<div><a href="http://fabijennas-seeleninsel.de/wordpress/wp-content/uploads/2014/02/DSCN0041.jpg"><img loading="lazy" class="alignright size-medium wp-image-274" src="http://fabijennas-seeleninsel.de/wordpress/wp-content/uploads/2014/02/DSCN0041-300x225.jpg" alt="DSCN0041" width="300" height="225" /></a>Der steigende Leistungsdruck und eine Zeit mit vielen Veränderungen sind nicht nur Herausforderungen für uns Erwachsene. Auch heranwachsende Menschen müssen oft schon große Anforderungen bewältigen und leiden dem zufolge unter verschiedenen Symptomen wie Schulstreß, Konzentrations-und Entwicklungsprobleme, Aufmerksamkeits- und Berührungsdefizite, Pubertät und sozialem Druck. Gerade unruhige Kinder sprechen auf Shiatsu besonders gut an. Durch die Shiatsu-Behandlung können die Kinder wieder Kraft schöpfen und die innere Bindung zu sich selbst finden. Shiatsu spricht alle Basissinne des Kindes an. Der sanfte Druck in der Behandlung wirkt besonderes auf die tiefenwahrnehmung. Kindern braucht man nicht zu erklären, was Energie ist. Sie haben ein natürliches Wissen von dieser inneren Kraft. Sie genießen es, es ist für sie Entspannung, Wohlfühlen. Sie spüren, dass es ihnen gut tut.</div>
<p>&nbsp;</p>
<p><a href="http://fabijennas-seeleninsel.de/wordpress/wp-content/uploads/2014/02/DSCN0029.jpg"><img loading="lazy" class="alignleft size-medium wp-image-275" src="http://fabijennas-seeleninsel.de/wordpress/wp-content/uploads/2014/02/DSCN0029-300x225.jpg" alt="DSCN0029" width="300" height="225" /></a><a href="http://fabijennas-seeleninsel.de/wordpress/wp-content/uploads/2014/02/DSCN00371.jpg"><img loading="lazy" class="alignright size-medium wp-image-276" src="http://fabijennas-seeleninsel.de/wordpress/wp-content/uploads/2014/02/DSCN00371-300x225.jpg" alt="DSCN0037" width="300" height="225" /></a></p>
<p>&nbsp;</p>
<p>&nbsp;</p>

<p>&nbsp; Der steigende Leistungsdruck und eine Zeit mit vielen Veränderungen sind nicht nur Herausforderungen für uns Erwachsene. Auch heranwachsende Menschen müssen oft schon große Anforderungen bewältigen und leiden dem zufolge unter verschiedenen Symptomen wie Schulstreß, Konzentrations-und Entwicklungsprobleme, Aufmerksamkeits- und Berührungsdefizite, Pubertät und sozialem Druck. Gerade unruhige Kinder sprechen auf Shiatsu besonders gut an. Durch die [&hellip;]</p>
