{"id":110,"date":"2014-02-22T12:24:45","date_gmt":"2014-02-22T10:24:45","guid":{"rendered":"http:\/\/fabijennas-seeleninsel.de\/wordpress2\/?page_id=110"},"modified":"2014-04-17T00:10:35","modified_gmt":"2014-04-16T22:10:35","slug":"shiatsu-mobil","status":"publish","type":"page","link":"https:\/\/fabijennas-seeleninsel.de\/wordpress\/shiatsu-mobil\/","title":{"rendered":"Shiatsu Mobil"},"content":{"rendered":"<p><a href=\"http:\/\/fabijennas-seeleninsel.de\/wordpress\/wp-content\/uploads\/2014\/02\/543177_1130130983792914_1939781766_n.jpg\"><img loading=\"lazy\" class=\"alignright size-medium wp-image-279\" src=\"http:\/\/fabijennas-seeleninsel.de\/wordpress\/wp-content\/uploads\/2014\/02\/543177_1130130983792914_1939781766_n-291x300.jpg\" alt=\"543177_1130130983792914_1939781766_n\" width=\"291\" height=\"300\" \/><\/a>Shiatsu mobil bietet Ihnen die M\u00f6glichkeit sich am Arbeitsplatz entspannen zu lassen. Die Massage dauert in der Regel 20 Minuten.<\/p>\n<p>G\u00f6nnen Sie sich eine kleine Pause im (Arbeits-)Alltag!<\/p>\n<p>Die Massage wird auf einem extra entwickelten Massagestuhl ausgef\u00fchrt. Sie sitzen bekleidet in entspannter Haltung auf dem Stuhl. Es werden verschiedene Drucktechniken und Dehnungen aus dem Shiatsu angewendet.<br \/>\nDie Shiatsu mobil &#8211; Massage hat eine entspannende, vitalisierende Wirkung. Sie tut besonders Nacken, Schultern und R\u00fccken gut<\/p>\n","protected":false},"excerpt":{"rendered":"<p>Shiatsu mobil bietet Ihnen die M\u00f6glichkeit sich am Arbeitsplatz entspannen zu lassen. Die Massage dauert in der Regel 20 Minuten. G\u00f6nnen Sie sich eine kleine Pause im (Arbeits-)Alltag! Die Massage wird auf einem extra entwickelten Massagestuhl ausgef\u00fchrt. Sie sitzen bekleidet in entspannter Haltung auf dem Stuhl. Es werden verschiedene Drucktechniken und Dehnungen aus dem Shiatsu [&hellip;]<\/p>\n","protected":false},"author":3,"featured_media":257,"parent":0,"menu_order":0,"comment_status":"closed","ping_status":"open","template":"","meta":{"_et_pb_use_builder":"","_et_pb_old_content":"","_et_gb_content_width":""},"_links":{"self":[{"href":"https:\/\/fabijennas-seeleninsel.de\/wordpress\/wp-json\/wp\/v2\/pages\/110"}],"collection":[{"href":"https:\/\/fabijennas-seeleninsel.de\/wordpress\/wp-json\/wp\/v2\/pages"}],"about":[{"href":"https:\/\/fabijennas-seeleninsel.de\/wordpress\/wp-json\/wp\/v2\/types\/page"}],"author":[{"embeddable":true,"href":"https:\/\/fabijennas-seeleninsel.de\/wordpress\/wp-json\/wp\/v2\/users\/3"}],"replies":[{"embeddable":true,"href":"https:\/\/fabijennas-seeleninsel.de\/wordpress\/wp-json\/wp\/v2\/comments?post=110"}],"version-history":[{"count":1,"href":"https:\/\/fabijennas-seeleninsel.de\/wordpress\/wp-json\/wp\/v2\/pages\/110\/revisions"}],"predecessor-version":[{"id":280,"href":"https:\/\/fabijennas-seeleninsel.de\/wordpress\/wp-json\/wp\/v2\/pages\/110\/revisions\/280"}],"wp:featuredmedia":[{"embeddable":true,"href":"https:\/\/fabijennas-seeleninsel.de\/wordpress\/wp-json\/wp\/v2\/media\/257"}],"wp:attachment":[{"href":"https:\/\/fabijennas-seeleninsel.de\/wordpress\/wp-json\/wp\/v2\/media?parent=110"}],"curies":[{"name":"wp","href":"https:\/\/api.w.org\/{rel}","templated":true}]}}

<p><a href="http://fabijennas-seeleninsel.de/wordpress/wp-content/uploads/2014/02/543177_1130130983792914_1939781766_n.jpg"><img loading="lazy" class="alignright size-medium wp-image-279" src="http://fabijennas-seeleninsel.de/wordpress/wp-content/uploads/2014/02/543177_1130130983792914_1939781766_n-291x300.jpg" alt="543177_1130130983792914_1939781766_n" width="291" height="300" /></a>Shiatsu mobil bietet Ihnen die Möglichkeit sich am Arbeitsplatz entspannen zu lassen. Die Massage dauert in der Regel 20 Minuten.</p>
<p>Gönnen Sie sich eine kleine Pause im (Arbeits-)Alltag!</p>
<p>Die Massage wird auf einem extra entwickelten Massagestuhl ausgeführt. Sie sitzen bekleidet in entspannter Haltung auf dem Stuhl. Es werden verschiedene Drucktechniken und Dehnungen aus dem Shiatsu angewendet.<br />
Die Shiatsu mobil &#8211; Massage hat eine entspannende, vitalisierende Wirkung. Sie tut besonders Nacken, Schultern und Rücken gut</p>

<p>Shiatsu mobil bietet Ihnen die Möglichkeit sich am Arbeitsplatz entspannen zu lassen. Die Massage dauert in der Regel 20 Minuten. Gönnen Sie sich eine kleine Pause im (Arbeits-)Alltag! Die Massage wird auf einem extra entwickelten Massagestuhl ausgeführt. Sie sitzen bekleidet in entspannter Haltung auf dem Stuhl. Es werden verschiedene Drucktechniken und Dehnungen aus dem Shiatsu [&hellip;]</p>
