{"id":115,"date":"2014-02-22T12:34:01","date_gmt":"2014-02-22T10:34:01","guid":{"rendered":"http:\/\/fabijennas-seeleninsel.de\/wordpress2\/?page_id=115"},"modified":"2014-04-16T23:24:50","modified_gmt":"2014-04-16T21:24:50","slug":"energiebilder","status":"publish","type":"page","link":"https:\/\/fabijennas-seeleninsel.de\/wordpress\/energiebilder\/","title":{"rendered":"Energiebilder"},"content":{"rendered":"<div id=\"attachment_239\" style=\"width: 207px\" class=\"wp-caption alignright\"><a href=\"http:\/\/fabijennas-seeleninsel.de\/wordpress\/wp-content\/uploads\/2014\/02\/860360_433770556701917_214984620_o.jpg\"><img aria-describedby=\"caption-attachment-239\" loading=\"lazy\" class=\"size-medium wp-image-239\" src=\"http:\/\/fabijennas-seeleninsel.de\/wordpress\/wp-content\/uploads\/2014\/02\/860360_433770556701917_214984620_o-197x300.jpg\" alt=\"Energiebild\" width=\"197\" height=\"300\" \/><\/a><p id=\"caption-attachment-239\" class=\"wp-caption-text\">Energiebild<\/p><\/div>\n<p>Pers\u00f6nliches Energie Bild.<\/p>\n<p>Was ist ein Energiebild: Auf Wunsch male ich Ihr ganz individuelles Bild.<br \/>\nDabei setze ich Schwingungsebenen in Form und Farbe um.<\/p>\n<p>Seine Wirkung kann sich auf viele Lebensbereiche auswirken. Energie- und Heilbilder wirken in Form und Farbe auf die Seele und sind f\u00fcr Sie und ihren Lebensraum unterst\u00fctzend. Durch meine Bilder weden Impulse freigesetzt, die uns mit Liebe, Inspiration, Vollkommenheit und Harmonie erf\u00fcllen.<\/p>\n<p>Ein ENERGIE\u2013BILD wirkt durch seine zielgerichtete Schwingung, die genau auf Sie abgestimmt ist.<\/p>\n<p>Sie k\u00f6nnen auch meine fertigen Bilder betrachten und das Bild, dass ihre Seele ber\u00fchrt, ist das richtige Energiebild f\u00fcr Sie.<\/p>\n","protected":false},"excerpt":{"rendered":"<p>Pers\u00f6nliches Energie Bild. Was ist ein Energiebild: Auf Wunsch male ich Ihr ganz individuelles Bild. Dabei setze ich Schwingungsebenen in Form und Farbe um. Seine Wirkung kann sich auf viele Lebensbereiche auswirken. Energie- und Heilbilder wirken in Form und Farbe auf die Seele und sind f\u00fcr Sie und ihren Lebensraum unterst\u00fctzend. Durch meine Bilder weden [&hellip;]<\/p>\n","protected":false},"author":3,"featured_media":239,"parent":0,"menu_order":0,"comment_status":"closed","ping_status":"open","template":"","meta":{"_et_pb_use_builder":"","_et_pb_old_content":"","_et_gb_content_width":""},"_links":{"self":[{"href":"https:\/\/fabijennas-seeleninsel.de\/wordpress\/wp-json\/wp\/v2\/pages\/115"}],"collection":[{"href":"https:\/\/fabijennas-seeleninsel.de\/wordpress\/wp-json\/wp\/v2\/pages"}],"about":[{"href":"https:\/\/fabijennas-seeleninsel.de\/wordpress\/wp-json\/wp\/v2\/types\/page"}],"author":[{"embeddable":true,"href":"https:\/\/fabijennas-seeleninsel.de\/wordpress\/wp-json\/wp\/v2\/users\/3"}],"replies":[{"embeddable":true,"href":"https:\/\/fabijennas-seeleninsel.de\/wordpress\/wp-json\/wp\/v2\/comments?post=115"}],"version-history":[{"count":1,"href":"https:\/\/fabijennas-seeleninsel.de\/wordpress\/wp-json\/wp\/v2\/pages\/115\/revisions"}],"predecessor-version":[{"id":245,"href":"https:\/\/fabijennas-seeleninsel.de\/wordpress\/wp-json\/wp\/v2\/pages\/115\/revisions\/245"}],"wp:featuredmedia":[{"embeddable":true,"href":"https:\/\/fabijennas-seeleninsel.de\/wordpress\/wp-json\/wp\/v2\/media\/239"}],"wp:attachment":[{"href":"https:\/\/fabijennas-seeleninsel.de\/wordpress\/wp-json\/wp\/v2\/media?parent=115"}],"curies":[{"name":"wp","href":"https:\/\/api.w.org\/{rel}","templated":true}]}}

<div id="attachment_239" style="width: 207px" class="wp-caption alignright"><a href="http://fabijennas-seeleninsel.de/wordpress/wp-content/uploads/2014/02/860360_433770556701917_214984620_o.jpg"><img aria-describedby="caption-attachment-239" loading="lazy" class="size-medium wp-image-239" src="http://fabijennas-seeleninsel.de/wordpress/wp-content/uploads/2014/02/860360_433770556701917_214984620_o-197x300.jpg" alt="Energiebild" width="197" height="300" /></a><p id="caption-attachment-239" class="wp-caption-text">Energiebild</p></div>
<p>Persönliches Energie Bild.</p>
<p>Was ist ein Energiebild: Auf Wunsch male ich Ihr ganz individuelles Bild.<br />
Dabei setze ich Schwingungsebenen in Form und Farbe um.</p>
<p>Seine Wirkung kann sich auf viele Lebensbereiche auswirken. Energie- und Heilbilder wirken in Form und Farbe auf die Seele und sind für Sie und ihren Lebensraum unterstützend. Durch meine Bilder weden Impulse freigesetzt, die uns mit Liebe, Inspiration, Vollkommenheit und Harmonie erfüllen.</p>
<p>Ein ENERGIE–BILD wirkt durch seine zielgerichtete Schwingung, die genau auf Sie abgestimmt ist.</p>
<p>Sie können auch meine fertigen Bilder betrachten und das Bild, dass ihre Seele berührt, ist das richtige Energiebild für Sie.</p>

<p>Persönliches Energie Bild. Was ist ein Energiebild: Auf Wunsch male ich Ihr ganz individuelles Bild. Dabei setze ich Schwingungsebenen in Form und Farbe um. Seine Wirkung kann sich auf viele Lebensbereiche auswirken. Energie- und Heilbilder wirken in Form und Farbe auf die Seele und sind für Sie und ihren Lebensraum unterstützend. Durch meine Bilder weden [&hellip;]</p>
