{"id":124,"date":"2014-02-22T12:48:04","date_gmt":"2014-02-22T10:48:04","guid":{"rendered":"http:\/\/fabijennas-seeleninsel.de\/wordpress2\/?page_id=124"},"modified":"2014-04-16T23:14:06","modified_gmt":"2014-04-16T21:14:06","slug":"energie-und-kraftbilder","status":"publish","type":"page","link":"https:\/\/fabijennas-seeleninsel.de\/wordpress\/energie-und-kraftbilder\/","title":{"rendered":"Energie- und Kraftbilder"},"content":{"rendered":"<p>Auf Wunsch male ich Ihr ganz individuelles Bild. Dabei setze ich Schwingungsebenen in Form und Farbe um. Seine Wirkung kann sich auf viele Lebensbereiche auswirken. Energie- und Heilbilder wirken in Form und Farbe auf die Seele.<br \/>\nEnergiebilder haben eine angenehme und wohltuende Wirkung, die wir ausgleichend, vitalisierend, motivierend oder<\/p>\n<div id=\"attachment_240\" style=\"width: 110px\" class=\"wp-caption alignright\"><a href=\"http:\/\/fabijennas-seeleninsel.de\/wordpress\/wp-content\/uploads\/2014\/02\/1234653_529189950493310_1661439011_n-1.jpg\"><img aria-describedby=\"caption-attachment-240\" loading=\"lazy\" class=\"size-medium wp-image-240\" src=\"http:\/\/fabijennas-seeleninsel.de\/wordpress\/wp-content\/uploads\/2014\/02\/1234653_529189950493310_1661439011_n-1-100x300.jpg\" alt=\"Engelbild\" width=\"100\" height=\"300\" \/><\/a><p id=\"caption-attachment-240\" class=\"wp-caption-text\">Engelbild<\/p><\/div>\n<p>auch inspirierend wahrnehmen k\u00f6nnen.<\/p>\n<p>Die positive Schwingung der Farbenergie wirkt wohltuend und harmonisierend auf unser Energiesystem von K\u00f6rper, Geist und Seele. Die Bilder ber\u00fchren uns im Herzen und in unserer Seele. Sie sind Spiegelbilder unseres wahren Selbst. Die Seelenbotschaften sprechen die Sprache dieser Liebe. Wir f\u00fchlen uns inspiriert, sp\u00fcren Freude und Wohlbefinden wenn wir die Bilder auf uns wirken lassen oder mit ihnen Meditieren die Botschaften der Seele vertiefen sich und wir<\/p>\n<div id=\"attachment_239\" style=\"width: 207px\" class=\"wp-caption alignright\"><a href=\"http:\/\/fabijennas-seeleninsel.de\/wordpress\/wp-content\/uploads\/2014\/02\/860360_433770556701917_214984620_o.jpg\"><img aria-describedby=\"caption-attachment-239\" loading=\"lazy\" class=\"size-medium wp-image-239\" src=\"http:\/\/fabijennas-seeleninsel.de\/wordpress\/wp-content\/uploads\/2014\/02\/860360_433770556701917_214984620_o-197x300.jpg\" alt=\"Energiebild\" width=\"197\" height=\"300\" \/><\/a><p id=\"caption-attachment-239\" class=\"wp-caption-text\">Energiebild<\/p><\/div>\n<p>k\u00f6nnen sie annehmen.<br \/>\nDas Energiebild unterst\u00fctzt uns darin, dieses Gef\u00fchl von Liebe, Freude und Frieden in uns wahrzunehmen, es zu empfinden und zu genie\u00dfen. Wir \u00f6ffnen unsere Herzen f\u00fcr den Kontakt mit unserer Seele, f\u00fcr die Gaben, die sie f\u00fcr uns bereith\u00e4lt und f\u00fcr das, was in ihr heilen m\u00f6chte.<\/p>\n<p>Meine EnergieBilder wirken in<br \/>\nB\u00fcros, Gesch\u00e4ften, Restaurants, und Privatr\u00e4umen aller Art lebendig, bringen mehr Lebensfreude und Harmonie.<\/p>\n<p>Hinweis :<\/p>\n","protected":false},"excerpt":{"rendered":"<p>Auf Wunsch male ich Ihr ganz individuelles Bild. Dabei setze ich Schwingungsebenen in Form und Farbe um. Seine Wirkung kann sich auf viele Lebensbereiche auswirken. Energie- und Heilbilder wirken in Form und Farbe auf die Seele. Energiebilder haben eine angenehme und wohltuende Wirkung, die wir ausgleichend, vitalisierend, motivierend oder auch inspirierend wahrnehmen k\u00f6nnen. Die positive [&hellip;]<\/p>\n","protected":false},"author":3,"featured_media":239,"parent":0,"menu_order":0,"comment_status":"closed","ping_status":"open","template":"","meta":{"_et_pb_use_builder":"","_et_pb_old_content":"","_et_gb_content_width":""},"_links":{"self":[{"href":"https:\/\/fabijennas-seeleninsel.de\/wordpress\/wp-json\/wp\/v2\/pages\/124"}],"collection":[{"href":"https:\/\/fabijennas-seeleninsel.de\/wordpress\/wp-json\/wp\/v2\/pages"}],"about":[{"href":"https:\/\/fabijennas-seeleninsel.de\/wordpress\/wp-json\/wp\/v2\/types\/page"}],"author":[{"embeddable":true,"href":"https:\/\/fabijennas-seeleninsel.de\/wordpress\/wp-json\/wp\/v2\/users\/3"}],"replies":[{"embeddable":true,"href":"https:\/\/fabijennas-seeleninsel.de\/wordpress\/wp-json\/wp\/v2\/comments?post=124"}],"version-history":[{"count":2,"href":"https:\/\/fabijennas-seeleninsel.de\/wordpress\/wp-json\/wp\/v2\/pages\/124\/revisions"}],"predecessor-version":[{"id":241,"href":"https:\/\/fabijennas-seeleninsel.de\/wordpress\/wp-json\/wp\/v2\/pages\/124\/revisions\/241"}],"wp:featuredmedia":[{"embeddable":true,"href":"https:\/\/fabijennas-seeleninsel.de\/wordpress\/wp-json\/wp\/v2\/media\/239"}],"wp:attachment":[{"href":"https:\/\/fabijennas-seeleninsel.de\/wordpress\/wp-json\/wp\/v2\/media?parent=124"}],"curies":[{"name":"wp","href":"https:\/\/api.w.org\/{rel}","templated":true}]}}