{"id":162,"date":"2014-02-22T13:29:55","date_gmt":"2014-02-22T11:29:55","guid":{"rendered":"http:\/\/fabijennas-seeleninsel.de\/wordpress2\/?page_id=162"},"modified":"2014-04-19T23:17:02","modified_gmt":"2014-04-19T21:17:02","slug":"chakren","status":"publish","type":"page","link":"https:\/\/fabijennas-seeleninsel.de\/wordpress\/chakren\/","title":{"rendered":"Chakren"},"content":{"rendered":"<p><a href=\"http:\/\/fabijennas-seeleninsel.de\/wordpress\/wp-content\/uploads\/2014\/02\/IMG_7148.jpeg\"><img loading=\"lazy\" class=\"alignleft size-medium wp-image-377\" src=\"http:\/\/fabijennas-seeleninsel.de\/wordpress\/wp-content\/uploads\/2014\/02\/IMG_7148-300x225.jpeg\" alt=\"IMG_7148\" width=\"300\" height=\"225\" data-wp-pid=\"377\" \/><\/a>Das Wort Chakra ist Indisch und kommt aus dem Sanskrit. Es bedeutet Licht- Rad oder Wirbel,das voller\u00a0Energie strahlt. Die Chakren sind kreisf\u00f6rmige Energiezentren im feinstofflichen Bereich des K\u00f6rpers.Diese Wirbel sind an einen feinem Energiekanal angeschlossen,der entlang der Wirbels\u00e4ule verl\u00e4uft.Die \/ Hauptchakren sorgen f\u00fcr das einstr\u00f6men des Kosmisches Lichts.Die Chakren ziehen das kosmische Licht in den K\u00f6rper hinnein und sind mit den wichtigsten K\u00f6rperdr\u00fcsen verbunden. Durch die Blockade eines Chakras kommt es zum Stillstand des Energieflusses, da das Chakra energetisch unterversorgt bleibt,kann es zu Schmerzen und Unwohlsein kommen.<br \/>\n<a href=\"http:\/\/fabijennas-seeleninsel.de\/wordpress\/wp-content\/uploads\/2014\/02\/IMG_7160.jpeg\"><img loading=\"lazy\" class=\"alignleft size-medium wp-image-378\" src=\"http:\/\/fabijennas-seeleninsel.de\/wordpress\/wp-content\/uploads\/2014\/02\/IMG_7160-300x300.jpeg\" alt=\"IMG_7160\" width=\"300\" height=\"300\" data-wp-pid=\"378\" srcset=\"https:\/\/fabijennas-seeleninsel.de\/wordpress\/wp-content\/uploads\/2014\/02\/IMG_7160-300x300.jpeg 300w, https:\/\/fabijennas-seeleninsel.de\/wordpress\/wp-content\/uploads\/2014\/02\/IMG_7160.jpeg 480w, https:\/\/fabijennas-seeleninsel.de\/wordpress\/wp-content\/uploads\/2014\/02\/IMG_7160-240x240.jpeg 240w, https:\/\/fabijennas-seeleninsel.de\/wordpress\/wp-content\/uploads\/2014\/02\/IMG_7160-96x96.jpeg 96w, https:\/\/fabijennas-seeleninsel.de\/wordpress\/wp-content\/uploads\/2014\/02\/IMG_7160-121x121.jpeg 121w, https:\/\/fabijennas-seeleninsel.de\/wordpress\/wp-content\/uploads\/2014\/02\/IMG_7160-60x60.jpeg 60w, https:\/\/fabijennas-seeleninsel.de\/wordpress\/wp-content\/uploads\/2014\/02\/IMG_7160-184x184.jpeg 184w\" sizes=\"(max-width: 300px) 100vw, 300px\" \/><\/a><a href=\"http:\/\/fabijennas-seeleninsel.de\/wordpress\/wp-content\/uploads\/2014\/02\/477770_1217432105062801_405555747_o.jpeg\"><img loading=\"lazy\" class=\"alignnone size-medium wp-image-379\" src=\"http:\/\/fabijennas-seeleninsel.de\/wordpress\/wp-content\/uploads\/2014\/02\/477770_1217432105062801_405555747_o-300x225.jpeg\" alt=\"477770_1217432105062801_405555747_o\" width=\"300\" height=\"225\" data-wp-pid=\"379\" \/><\/a><\/p>\n","protected":false},"excerpt":{"rendered":"<p>Das Wort Chakra ist Indisch und kommt aus dem Sanskrit. Es bedeutet Licht- Rad oder Wirbel,das voller\u00a0Energie strahlt. Die Chakren sind kreisf\u00f6rmige Energiezentren im feinstofflichen Bereich des K\u00f6rpers.Diese Wirbel sind an einen feinem Energiekanal angeschlossen,der entlang der Wirbels\u00e4ule verl\u00e4uft.Die \/ Hauptchakren sorgen f\u00fcr das einstr\u00f6men des Kosmisches Lichts.Die Chakren ziehen das kosmische Licht in den [&hellip;]<\/p>\n","protected":false},"author":3,"featured_media":379,"parent":0,"menu_order":0,"comment_status":"closed","ping_status":"open","template":"","meta":{"_et_pb_use_builder":"","_et_pb_old_content":"","_et_gb_content_width":""},"_links":{"self":[{"href":"https:\/\/fabijennas-seeleninsel.de\/wordpress\/wp-json\/wp\/v2\/pages\/162"}],"collection":[{"href":"https:\/\/fabijennas-seeleninsel.de\/wordpress\/wp-json\/wp\/v2\/pages"}],"about":[{"href":"https:\/\/fabijennas-seeleninsel.de\/wordpress\/wp-json\/wp\/v2\/types\/page"}],"author":[{"embeddable":true,"href":"https:\/\/fabijennas-seeleninsel.de\/wordpress\/wp-json\/wp\/v2\/users\/3"}],"replies":[{"embeddable":true,"href":"https:\/\/fabijennas-seeleninsel.de\/wordpress\/wp-json\/wp\/v2\/comments?post=162"}],"version-history":[{"count":3,"href":"https:\/\/fabijennas-seeleninsel.de\/wordpress\/wp-json\/wp\/v2\/pages\/162\/revisions"}],"predecessor-version":[{"id":382,"href":"https:\/\/fabijennas-seeleninsel.de\/wordpress\/wp-json\/wp\/v2\/pages\/162\/revisions\/382"}],"wp:featuredmedia":[{"embeddable":true,"href":"https:\/\/fabijennas-seeleninsel.de\/wordpress\/wp-json\/wp\/v2\/media\/379"}],"wp:attachment":[{"href":"https:\/\/fabijennas-seeleninsel.de\/wordpress\/wp-json\/wp\/v2\/media?parent=162"}],"curies":[{"name":"wp","href":"https:\/\/api.w.org\/{rel}","templated":true}]}}

<p><a href="http://fabijennas-seeleninsel.de/wordpress/wp-content/uploads/2014/02/IMG_7148.jpeg"><img loading="lazy" class="alignleft size-medium wp-image-377" src="http://fabijennas-seeleninsel.de/wordpress/wp-content/uploads/2014/02/IMG_7148-300x225.jpeg" alt="IMG_7148" width="300" height="225" data-wp-pid="377" /></a>Das Wort Chakra ist Indisch und kommt aus dem Sanskrit. Es bedeutet Licht- Rad oder Wirbel,das voller Energie strahlt. Die Chakren sind kreisförmige Energiezentren im feinstofflichen Bereich des Körpers.Diese Wirbel sind an einen feinem Energiekanal angeschlossen,der entlang der Wirbelsäule verläuft.Die / Hauptchakren sorgen für das einströmen des Kosmisches Lichts.Die Chakren ziehen das kosmische Licht in den Körper hinnein und sind mit den wichtigsten Körperdrüsen verbunden. Durch die Blockade eines Chakras kommt es zum Stillstand des Energieflusses, da das Chakra energetisch unterversorgt bleibt,kann es zu Schmerzen und Unwohlsein kommen.<br />
<a href="http://fabijennas-seeleninsel.de/wordpress/wp-content/uploads/2014/02/IMG_7160.jpeg"><img loading="lazy" class="alignleft size-medium wp-image-378" src="http://fabijennas-seeleninsel.de/wordpress/wp-content/uploads/2014/02/IMG_7160-300x300.jpeg" alt="IMG_7160" width="300" height="300" data-wp-pid="378" srcset="https://fabijennas-seeleninsel.de/wordpress/wp-content/uploads/2014/02/IMG_7160-300x300.jpeg 300w, https://fabijennas-seeleninsel.de/wordpress/wp-content/uploads/2014/02/IMG_7160.jpeg 480w, https://fabijennas-seeleninsel.de/wordpress/wp-content/uploads/2014/02/IMG_7160-240x240.jpeg 240w, https://fabijennas-seeleninsel.de/wordpress/wp-content/uploads/2014/02/IMG_7160-96x96.jpeg 96w, https://fabijennas-seeleninsel.de/wordpress/wp-content/uploads/2014/02/IMG_7160-121x121.jpeg 121w, https://fabijennas-seeleninsel.de/wordpress/wp-content/uploads/2014/02/IMG_7160-60x60.jpeg 60w, https://fabijennas-seeleninsel.de/wordpress/wp-content/uploads/2014/02/IMG_7160-184x184.jpeg 184w" sizes="(max-width: 300px) 100vw, 300px" /></a><a href="http://fabijennas-seeleninsel.de/wordpress/wp-content/uploads/2014/02/477770_1217432105062801_405555747_o.jpeg"><img loading="lazy" class="alignnone size-medium wp-image-379" src="http://fabijennas-seeleninsel.de/wordpress/wp-content/uploads/2014/02/477770_1217432105062801_405555747_o-300x225.jpeg" alt="477770_1217432105062801_405555747_o" width="300" height="225" data-wp-pid="379" /></a></p>

<p>Das Wort Chakra ist Indisch und kommt aus dem Sanskrit. Es bedeutet Licht- Rad oder Wirbel,das voller Energie strahlt. Die Chakren sind kreisförmige Energiezentren im feinstofflichen Bereich des Körpers.Diese Wirbel sind an einen feinem Energiekanal angeschlossen,der entlang der Wirbelsäule verläuft.Die / Hauptchakren sorgen für das einströmen des Kosmisches Lichts.Die Chakren ziehen das kosmische Licht in den [&hellip;]</p>
