{"id":34,"date":"2013-12-26T21:34:30","date_gmt":"2013-12-26T19:34:30","guid":{"rendered":"http:\/\/fabijennas-seeleninsel.de\/wordpress2\/?page_id=34"},"modified":"2017-08-20T06:51:37","modified_gmt":"2017-08-20T04:51:37","slug":"massagen","status":"publish","type":"page","link":"https:\/\/fabijennas-seeleninsel.de\/wordpress\/massagen\/","title":{"rendered":"Massagen"},"content":{"rendered":"<p>&nbsp;<\/p>\n<p>&nbsp;<\/p>\n<p>Das ist einer meiner Behandelungsr\u00e4ume f\u00fcr Shiatsu und Lomi Lomi Massage.<\/p>\n<p>&nbsp;<\/p>\n<p>Wer kennt es nicht? R\u00fcckenschmerzen geh\u00f6ren zu den verbreitesten k\u00f6rperlichen Beschwerden.<br \/>\nStress, Hektik, Fehlhaltung, Bewegungsmangel, seelische Beschwerden &#8230;. sind die Antworten durch unsere R\u00fcckenschmerzen.<br \/>\nDie Muskeln verspannen und verkrampfen sich und die Schmerzen strahlen durch den R\u00fccken, die Schulter, den Nacken und den Kopf.<br \/>\nSolche Beschwerden verursachen sehr h\u00e4ufig auch Kopfschmerzen.<br \/>\nWenn wir unseren K\u00f6rper nicht dehnen und wenig Bewegung haben verkleben und verh\u00e4rten sich unsere Faszien.<br \/>\nDas Faszien Gewebe befindet sich \u00fcberall im K\u00f6rper.<br \/>\nSind die Faszien verklebt und verh\u00e4rtet verursachen sie uns starke Schmerzen.<br \/>\nBei meiner R\u00fccken Massage wird der Nacken, die Schultern und der R\u00fccken mit dem Ellenbogen und dem Daumen gedr\u00fcckt, geknetet und gedehnt.<br \/>\nSomit l\u00f6se ich Verspannungen und die Schmerzen werden gelindert.<br \/>\nBehandlungsdauer 30 min.-25 Euro<\/p>\n<p>&nbsp;<\/p>\n<p><a href=\"https:\/\/fabijennas-seeleninsel.de\/wordpress\/wp-content\/uploads\/2013\/12\/13900349_1654612031344804_7188151578111073375_n.jpg\"><img loading=\"lazy\" class=\"alignnone size-medium wp-image-3009\" src=\"https:\/\/fabijennas-seeleninsel.de\/wordpress\/wp-content\/uploads\/2013\/12\/13900349_1654612031344804_7188151578111073375_n-640x480.jpg\" alt=\"13900349_1654612031344804_7188151578111073375_n\" width=\"640\" height=\"480\" data-wp-pid=\"3009\" srcset=\"https:\/\/fabijennas-seeleninsel.de\/wordpress\/wp-content\/uploads\/2013\/12\/13900349_1654612031344804_7188151578111073375_n-640x480.jpg 640w, https:\/\/fabijennas-seeleninsel.de\/wordpress\/wp-content\/uploads\/2013\/12\/13900349_1654612031344804_7188151578111073375_n-800x600.jpg 800w, https:\/\/fabijennas-seeleninsel.de\/wordpress\/wp-content\/uploads\/2013\/12\/13900349_1654612031344804_7188151578111073375_n.jpg 960w\" sizes=\"(max-width: 640px) 100vw, 640px\" \/><\/a>\u00a0<a href=\"https:\/\/fabijennas-seeleninsel.de\/wordpress\/wp-content\/uploads\/2013\/12\/13906590_1654613208011353_5911481029547983577_n.jpg\"><img loading=\"lazy\" class=\"alignnone size-medium wp-image-3010\" src=\"https:\/\/fabijennas-seeleninsel.de\/wordpress\/wp-content\/uploads\/2013\/12\/13906590_1654613208011353_5911481029547983577_n-640x480.jpg\" alt=\"13906590_1654613208011353_5911481029547983577_n\" width=\"640\" height=\"480\" data-wp-pid=\"3010\" srcset=\"https:\/\/fabijennas-seeleninsel.de\/wordpress\/wp-content\/uploads\/2013\/12\/13906590_1654613208011353_5911481029547983577_n-640x480.jpg 640w, https:\/\/fabijennas-seeleninsel.de\/wordpress\/wp-content\/uploads\/2013\/12\/13906590_1654613208011353_5911481029547983577_n-800x600.jpg 800w, https:\/\/fabijennas-seeleninsel.de\/wordpress\/wp-content\/uploads\/2013\/12\/13906590_1654613208011353_5911481029547983577_n.jpg 960w\" sizes=\"(max-width: 640px) 100vw, 640px\" \/><\/a> <a href=\"https:\/\/fabijennas-seeleninsel.de\/wordpress\/wp-content\/uploads\/2013\/12\/13935024_1654613261344681_4383825241009129893_n.jpg\"><img loading=\"lazy\" class=\"alignnone size-medium wp-image-3011\" src=\"https:\/\/fabijennas-seeleninsel.de\/wordpress\/wp-content\/uploads\/2013\/12\/13935024_1654613261344681_4383825241009129893_n-360x480.jpg\" alt=\"13935024_1654613261344681_4383825241009129893_n\" width=\"360\" height=\"480\" data-wp-pid=\"3011\" srcset=\"https:\/\/fabijennas-seeleninsel.de\/wordpress\/wp-content\/uploads\/2013\/12\/13935024_1654613261344681_4383825241009129893_n-360x480.jpg 360w, https:\/\/fabijennas-seeleninsel.de\/wordpress\/wp-content\/uploads\/2013\/12\/13935024_1654613261344681_4383825241009129893_n-600x800.jpg 600w, https:\/\/fabijennas-seeleninsel.de\/wordpress\/wp-content\/uploads\/2013\/12\/13935024_1654613261344681_4383825241009129893_n.jpg 720w\" sizes=\"(max-width: 360px) 100vw, 360px\" \/><\/a> <a href=\"https:\/\/fabijennas-seeleninsel.de\/wordpress\/wp-content\/uploads\/2013\/12\/14034929_1654613188011355_1647494364375929642_n.jpg\"><img loading=\"lazy\" class=\"alignnone size-medium wp-image-3012\" src=\"https:\/\/fabijennas-seeleninsel.de\/wordpress\/wp-content\/uploads\/2013\/12\/14034929_1654613188011355_1647494364375929642_n-640x480.jpg\" alt=\"14034929_1654613188011355_1647494364375929642_n\" width=\"640\" height=\"480\" data-wp-pid=\"3012\" srcset=\"https:\/\/fabijennas-seeleninsel.de\/wordpress\/wp-content\/uploads\/2013\/12\/14034929_1654613188011355_1647494364375929642_n-640x480.jpg 640w, https:\/\/fabijennas-seeleninsel.de\/wordpress\/wp-content\/uploads\/2013\/12\/14034929_1654613188011355_1647494364375929642_n-800x600.jpg 800w, https:\/\/fabijennas-seeleninsel.de\/wordpress\/wp-content\/uploads\/2013\/12\/14034929_1654613188011355_1647494364375929642_n.jpg 960w\" sizes=\"(max-width: 640px) 100vw, 640px\" \/><\/a> <a href=\"https:\/\/fabijennas-seeleninsel.de\/wordpress\/wp-content\/uploads\/2013\/12\/14022089_1654613251344682_8949450688736506893_n.jpg\"><img loading=\"lazy\" class=\"alignnone size-medium wp-image-3013\" src=\"https:\/\/fabijennas-seeleninsel.de\/wordpress\/wp-content\/uploads\/2013\/12\/14022089_1654613251344682_8949450688736506893_n-640x480.jpg\" alt=\"14022089_1654613251344682_8949450688736506893_n\" width=\"640\" height=\"480\" data-wp-pid=\"3013\" srcset=\"https:\/\/fabijennas-seeleninsel.de\/wordpress\/wp-content\/uploads\/2013\/12\/14022089_1654613251344682_8949450688736506893_n-640x480.jpg 640w, https:\/\/fabijennas-seeleninsel.de\/wordpress\/wp-content\/uploads\/2013\/12\/14022089_1654613251344682_8949450688736506893_n-800x600.jpg 800w, https:\/\/fabijennas-seeleninsel.de\/wordpress\/wp-content\/uploads\/2013\/12\/14022089_1654613251344682_8949450688736506893_n.jpg 960w\" sizes=\"(max-width: 640px) 100vw, 640px\" \/><\/a> <a href=\"https:\/\/fabijennas-seeleninsel.de\/wordpress\/wp-content\/uploads\/2013\/12\/14034929_1654613188011355_1647494364375929642_n1.jpg\"><img loading=\"lazy\" class=\"alignnone size-medium wp-image-3014\" src=\"https:\/\/fabijennas-seeleninsel.de\/wordpress\/wp-content\/uploads\/2013\/12\/14034929_1654613188011355_1647494364375929642_n1-640x480.jpg\" alt=\"14034929_1654613188011355_1647494364375929642_n\" width=\"640\" height=\"480\" data-wp-pid=\"3014\" srcset=\"https:\/\/fabijennas-seeleninsel.de\/wordpress\/wp-content\/uploads\/2013\/12\/14034929_1654613188011355_1647494364375929642_n1-640x480.jpg 640w, https:\/\/fabijennas-seeleninsel.de\/wordpress\/wp-content\/uploads\/2013\/12\/14034929_1654613188011355_1647494364375929642_n1-800x600.jpg 800w, https:\/\/fabijennas-seeleninsel.de\/wordpress\/wp-content\/uploads\/2013\/12\/14034929_1654613188011355_1647494364375929642_n1.jpg 960w\" sizes=\"(max-width: 640px) 100vw, 640px\" \/><\/a> <a href=\"https:\/\/fabijennas-seeleninsel.de\/wordpress\/wp-content\/uploads\/2013\/12\/13935094_1654612721344735_4184776173771864508_n.jpg\"><img loading=\"lazy\" class=\"alignnone size-medium wp-image-3015\" src=\"https:\/\/fabijennas-seeleninsel.de\/wordpress\/wp-content\/uploads\/2013\/12\/13935094_1654612721344735_4184776173771864508_n-640x480.jpg\" alt=\"13935094_1654612721344735_4184776173771864508_n\" width=\"640\" height=\"480\" data-wp-pid=\"3015\" srcset=\"https:\/\/fabijennas-seeleninsel.de\/wordpress\/wp-content\/uploads\/2013\/12\/13935094_1654612721344735_4184776173771864508_n-640x480.jpg 640w, https:\/\/fabijennas-seeleninsel.de\/wordpress\/wp-content\/uploads\/2013\/12\/13935094_1654612721344735_4184776173771864508_n-800x600.jpg 800w, https:\/\/fabijennas-seeleninsel.de\/wordpress\/wp-content\/uploads\/2013\/12\/13935094_1654612721344735_4184776173771864508_n.jpg 960w\" sizes=\"(max-width: 640px) 100vw, 640px\" \/><\/a><\/p>\n<div>\n<p>&nbsp;<\/p>\n<\/div>\n<p>&nbsp;<\/p>\n<p>&nbsp;<\/p>\n<p>Fussmassage<\/p>\n<p>Wie oft tun wir unsere F\u00fc\u00dfe vernachl\u00e4ssigen?<br \/>\nEs ist f\u00fcr uns ein Automatismus das unserer F\u00fc\u00dfe uns den ganzen Tag tragen.<br \/>\nWir quetschen die F\u00fc\u00dfe in enge Schuhe, machen t\u00e4glich tausende von Schritten und stehen Stunden lang.<span class=\"text_exposed_show\"><br \/>\nUnsere F\u00fc\u00dfe verdienen sich unsere Aufmerksamkeit.<br \/>\nDie F\u00fc\u00dfe bestehen aus kleinen Knochen und kleinen Kn\u00f6chelchen und aus Zwischenr\u00e4ume die sich nach Ber\u00fchrung, Dehnung, Druck und Massage sehnen.<\/span><\/p>\n<div class=\"text_exposed_show\">\n<p>Ich lade dich ein in meine Praxis ein , lasse deine Seele baumeln, genie\u00dfe die Atmosph\u00e4re, Entspannung und g\u00f6nne deinen F\u00fc\u00dfen die Zeit zur Erholung.<\/p>\n<p>Behandlungsdauer 40 min.<br \/>\nKosten: 38.- Euro<\/p>\n<\/div>\n<p><a href=\"https:\/\/fabijennas-seeleninsel.de\/wordpress\/wp-content\/uploads\/2017\/08\/20883720_1805419296138845_773137303_o.jpg\"><img loading=\"lazy\" class=\"alignnone size-medium wp-image-4123\" src=\"https:\/\/fabijennas-seeleninsel.de\/wordpress\/wp-content\/uploads\/2017\/08\/20883720_1805419296138845_773137303_o-270x480.jpg\" alt=\"20883720_1805419296138845_773137303_o\" width=\"270\" height=\"480\" data-wp-pid=\"4123\" srcset=\"https:\/\/fabijennas-seeleninsel.de\/wordpress\/wp-content\/uploads\/2017\/08\/20883720_1805419296138845_773137303_o-270x480.jpg 270w, https:\/\/fabijennas-seeleninsel.de\/wordpress\/wp-content\/uploads\/2017\/08\/20883720_1805419296138845_773137303_o-575x1024.jpg 575w, https:\/\/fabijennas-seeleninsel.de\/wordpress\/wp-content\/uploads\/2017\/08\/20883720_1805419296138845_773137303_o-449x800.jpg 449w, https:\/\/fabijennas-seeleninsel.de\/wordpress\/wp-content\/uploads\/2017\/08\/20883720_1805419296138845_773137303_o.jpg 638w\" sizes=\"(max-width: 270px) 100vw, 270px\" \/><\/a><a href=\"https:\/\/fabijennas-seeleninsel.de\/wordpress\/wp-content\/uploads\/2017\/08\/20883366_1805417692805672_1308788429_o.jpg\"><img loading=\"lazy\" class=\"alignnone size-medium wp-image-4124\" src=\"https:\/\/fabijennas-seeleninsel.de\/wordpress\/wp-content\/uploads\/2017\/08\/20883366_1805417692805672_1308788429_o-270x480.jpg\" alt=\"20883366_1805417692805672_1308788429_o\" width=\"270\" height=\"480\" data-wp-pid=\"4124\" srcset=\"https:\/\/fabijennas-seeleninsel.de\/wordpress\/wp-content\/uploads\/2017\/08\/20883366_1805417692805672_1308788429_o-270x480.jpg 270w, https:\/\/fabijennas-seeleninsel.de\/wordpress\/wp-content\/uploads\/2017\/08\/20883366_1805417692805672_1308788429_o-575x1024.jpg 575w, https:\/\/fabijennas-seeleninsel.de\/wordpress\/wp-content\/uploads\/2017\/08\/20883366_1805417692805672_1308788429_o-449x800.jpg 449w, https:\/\/fabijennas-seeleninsel.de\/wordpress\/wp-content\/uploads\/2017\/08\/20883366_1805417692805672_1308788429_o.jpg 638w\" sizes=\"(max-width: 270px) 100vw, 270px\" \/><\/a><\/p>\n","protected":false},"excerpt":{"rendered":"<p>&nbsp; &nbsp; Das ist einer meiner Behandelungsr\u00e4ume f\u00fcr Shiatsu und Lomi Lomi Massage. &nbsp; Wer kennt es nicht? R\u00fcckenschmerzen geh\u00f6ren zu den verbreitesten k\u00f6rperlichen Beschwerden. Stress, Hektik, Fehlhaltung, Bewegungsmangel, seelische Beschwerden &#8230;. sind die Antworten durch unsere R\u00fcckenschmerzen. Die Muskeln verspannen und verkrampfen sich und die Schmerzen strahlen durch den R\u00fccken, die Schulter, den Nacken [&hellip;]<\/p>\n","protected":false},"author":3,"featured_media":427,"parent":0,"menu_order":0,"comment_status":"closed","ping_status":"open","template":"","meta":{"_et_pb_use_builder":"","_et_pb_old_content":"","_et_gb_content_width":""},"_links":{"self":[{"href":"https:\/\/fabijennas-seeleninsel.de\/wordpress\/wp-json\/wp\/v2\/pages\/34"}],"collection":[{"href":"https:\/\/fabijennas-seeleninsel.de\/wordpress\/wp-json\/wp\/v2\/pages"}],"about":[{"href":"https:\/\/fabijennas-seeleninsel.de\/wordpress\/wp-json\/wp\/v2\/types\/page"}],"author":[{"embeddable":true,"href":"https:\/\/fabijennas-seeleninsel.de\/wordpress\/wp-json\/wp\/v2\/users\/3"}],"replies":[{"embeddable":true,"href":"https:\/\/fabijennas-seeleninsel.de\/wordpress\/wp-json\/wp\/v2\/comments?post=34"}],"version-history":[{"count":8,"href":"https:\/\/fabijennas-seeleninsel.de\/wordpress\/wp-json\/wp\/v2\/pages\/34\/revisions"}],"predecessor-version":[{"id":4127,"href":"https:\/\/fabijennas-seeleninsel.de\/wordpress\/wp-json\/wp\/v2\/pages\/34\/revisions\/4127"}],"wp:featuredmedia":[{"embeddable":true,"href":"https:\/\/fabijennas-seeleninsel.de\/wordpress\/wp-json\/wp\/v2\/media\/427"}],"wp:attachment":[{"href":"https:\/\/fabijennas-seeleninsel.de\/wordpress\/wp-json\/wp\/v2\/media?parent=34"}],"curies":[{"name":"wp","href":"https:\/\/api.w.org\/{rel}","templated":true}]}}