{"id":89,"date":"2014-02-22T11:35:50","date_gmt":"2014-02-22T09:35:50","guid":{"rendered":"http:\/\/fabijennas-seeleninsel.de\/wordpress2\/?page_id=89"},"modified":"2015-06-16T23:14:44","modified_gmt":"2015-06-16T21:14:44","slug":"lomi-lomi-nui-fuer-kinder","status":"publish","type":"page","link":"https:\/\/fabijennas-seeleninsel.de\/wordpress\/lomi-lomi-nui-fuer-kinder\/","title":{"rendered":"Lomi Lomi Nui f\u00fcr Kinder"},"content":{"rendered":"<p><a href=\"http:\/\/fabijennas-seeleninsel.de\/wordpress\/wp-content\/uploads\/2014\/02\/DSCN0132.jpg\"><img loading=\"lazy\" class=\"alignleft size-medium wp-image-259\" src=\"http:\/\/fabijennas-seeleninsel.de\/wordpress\/wp-content\/uploads\/2014\/02\/DSCN0132-225x300.jpg\" alt=\"DSCN0132\" width=\"225\" height=\"300\" \/><\/a>In der Heutigen Zeit sind die schulischen Anspr\u00fcche sehr hoch. Unsere Kinder sind starken Druck und Stress ausgesetzt und die Kinder geraten schnell aus ihrer eigenen Mitte. Durch liebevolle Ber\u00fchrung von Lomi Lomi- Nui Massagen k\u00f6nnen sie wider in ihre eigene Mitte zur\u00fcck finden.<\/p>\n<p>&nbsp;<\/p>\n<p><a href=\"http:\/\/fabijennas-seeleninsel.de\/wordpress\/wp-content\/uploads\/2014\/02\/24.jpg\"><img loading=\"lazy\" class=\"alignright size-medium wp-image-257\" src=\"http:\/\/fabijennas-seeleninsel.de\/wordpress\/wp-content\/uploads\/2014\/02\/24-300x225.jpg\" alt=\"24\" width=\"300\" height=\"225\" \/><\/a><\/p>\n<p>&nbsp;<\/p>\n<p>&nbsp;<\/p>\n<p>&nbsp;<\/p>\n<p>&nbsp;<\/p>\n<p>&nbsp;<\/p>\n","protected":false},"excerpt":{"rendered":"<p>In der Heutigen Zeit sind die schulischen Anspr\u00fcche sehr hoch. Unsere Kinder sind starken Druck und Stress ausgesetzt und die Kinder geraten schnell aus ihrer eigenen Mitte. Durch liebevolle Ber\u00fchrung von Lomi Lomi- Nui Massagen k\u00f6nnen sie wider in ihre eigene Mitte zur\u00fcck finden. &nbsp; &nbsp; &nbsp; &nbsp; &nbsp; &nbsp;<\/p>\n","protected":false},"author":3,"featured_media":257,"parent":0,"menu_order":0,"comment_status":"closed","ping_status":"open","template":"","meta":{"_et_pb_use_builder":"","_et_pb_old_content":"","_et_gb_content_width":""},"_links":{"self":[{"href":"https:\/\/fabijennas-seeleninsel.de\/wordpress\/wp-json\/wp\/v2\/pages\/89"}],"collection":[{"href":"https:\/\/fabijennas-seeleninsel.de\/wordpress\/wp-json\/wp\/v2\/pages"}],"about":[{"href":"https:\/\/fabijennas-seeleninsel.de\/wordpress\/wp-json\/wp\/v2\/types\/page"}],"author":[{"embeddable":true,"href":"https:\/\/fabijennas-seeleninsel.de\/wordpress\/wp-json\/wp\/v2\/users\/3"}],"replies":[{"embeddable":true,"href":"https:\/\/fabijennas-seeleninsel.de\/wordpress\/wp-json\/wp\/v2\/comments?post=89"}],"version-history":[{"count":4,"href":"https:\/\/fabijennas-seeleninsel.de\/wordpress\/wp-json\/wp\/v2\/pages\/89\/revisions"}],"predecessor-version":[{"id":1472,"href":"https:\/\/fabijennas-seeleninsel.de\/wordpress\/wp-json\/wp\/v2\/pages\/89\/revisions\/1472"}],"wp:featuredmedia":[{"embeddable":true,"href":"https:\/\/fabijennas-seeleninsel.de\/wordpress\/wp-json\/wp\/v2\/media\/257"}],"wp:attachment":[{"href":"https:\/\/fabijennas-seeleninsel.de\/wordpress\/wp-json\/wp\/v2\/media?parent=89"}],"curies":[{"name":"wp","href":"https:\/\/api.w.org\/{rel}","templated":true}]}}

Lomi Lomi Nui für Kinder

<p><a href="http://fabijennas-seeleninsel.de/wordpress/wp-content/uploads/2014/02/DSCN0132.jpg"><img loading="lazy" class="alignleft size-medium wp-image-259" src="http://fabijennas-seeleninsel.de/wordpress/wp-content/uploads/2014/02/DSCN0132-225x300.jpg" alt="DSCN0132" width="225" height="300" /></a>In der Heutigen Zeit sind die schulischen Ansprüche sehr hoch. Unsere Kinder sind starken Druck und Stress ausgesetzt und die Kinder geraten schnell aus ihrer eigenen Mitte. Durch liebevolle Berührung von Lomi Lomi- Nui Massagen können sie wider in ihre eigene Mitte zurück finden.</p>
<p>&nbsp;</p>
<p><a href="http://fabijennas-seeleninsel.de/wordpress/wp-content/uploads/2014/02/24.jpg"><img loading="lazy" class="alignright size-medium wp-image-257" src="http://fabijennas-seeleninsel.de/wordpress/wp-content/uploads/2014/02/24-300x225.jpg" alt="24" width="300" height="225" /></a></p>
<p>&nbsp;</p>
<p>&nbsp;</p>
<p>&nbsp;</p>
<p>&nbsp;</p>
<p>&nbsp;</p>

<p>In der Heutigen Zeit sind die schulischen Ansprüche sehr hoch. Unsere Kinder sind starken Druck und Stress ausgesetzt und die Kinder geraten schnell aus ihrer eigenen Mitte. Durch liebevolle Berührung von Lomi Lomi- Nui Massagen können sie wider in ihre eigene Mitte zurück finden. &nbsp; &nbsp; &nbsp; &nbsp; &nbsp; &nbsp;</p>
